l = 1158*l + 4*i + 496850, -2*l = 4*i - 496898. Is l composite?
True
Suppose 10516745 = 3*r + h, 19*h = 20*h + 4. Is r composite?
False
Let c = -1733 - -2452. Suppose 0 = -2*y + y - 1, 2*q + 5*y + c = 0. Let l = 610 + q. Is l composite?
True
Suppose 0 = -102*g + 103*g - 2*o - 2075687, 2*g = 3*o + 4151365. Is g a composite number?
False
Suppose 2 = -7*g + 51. Let x(t) = 33*t**3 + 25*t**2 + 2*t + 5. Let u(m) = 16*m**3 + 13*m**2 + m + 3. Let a(q) = g*u(q) - 4*x(q). Is a(-4) a composite number?
True
Is ((-107376198)/45)/(-2) + (-6)/(-45) composite?
True
Let x = 32317 - -4338. Is x a composite number?
True
Let b(k) be the first derivative of 542*k**3/3 - k**2 + 3*k - 1. Let x = 139 - 137. Is b(x) a prime number?
False
Let r(p) = -206*p - 1. Let w be r(-4). Let q(t) = 1000 + t**2 - 134 + t + w. Is q(0) a prime number?
False
Let q(z) = -7*z - 47. Let y be q(-7). Suppose 0 = -y*r + 15*r - 29653. Is r prime?
True
Is (7278/(-15) + 8 + -5)/(1/(-5)) a prime number?
True
Suppose -36*p + 2560354 = -7065074. Is p prime?
True
Suppose 4*d - 2*v = -6 + 14, 3*d + 3*v - 6 = 0. Suppose -8 + d = 6*g. Is (g + -13)/1*687/(-6) prime?
False
Suppose -3*w - 71 + 80 = 0. Let c = 6 - w. Suppose -6*d + f + 482 = -2*d, c*d - 361 = f. Is d composite?
True
Let p(s) = s**2 + 2*s + 1. Let v(a) = -77*a**2 - a - 15. Let i(d) = 4*p(d) - v(d). Is i(-8) a prime number?
False
Let v(h) = 71*h**2 + 188*h + 52. Is v(21) prime?
True
Let h(u) = -u**3 + 28*u**2 + 4*u - 57. Let b(o) = 3*o**2 + 9*o - 28. Let s be b(3). Is h(s) a prime number?
True
Suppose -117 + 495 = -9*k. Let t = -890 + 325. Let q = k - t. Is q prime?
True
Let y be (-114)/(-27) + (-2)/9. Let p be (0 + 3)*8/y. Suppose p*r = 4*r + 502. Is r prime?
True
Let u(d) = 19*d - 9. Let o(w) be the third derivative of 19*w**4/24 - 5*w**3/3 - 15*w**2. Let y(s) = 3*o(s) - 2*u(s). Is y(7) a composite number?
True
Let w be ((-7)/(-2))/(1/10). Is w/140 + (-28990)/(-8) + -1 composite?
False
Suppose -2*w + k = 408, 5*w - 40 = -5*k - 1045. Let o = 874 + w. Is o prime?
False
Let y(d) = 25166*d**3 - 3*d**2 - d + 2. Let g be y(2). Let j = g - 122673. Is j prime?
True
Let w(y) = -288*y + 6. Let z be w(4). Is (z/12)/(5/(-10)) a composite number?
False
Let g be (-36)/(-10)*1/((-14)/(-105)). Suppose -2*i - t = -7*i + 70, 0 = -4*i - 5*t + g. Is i*((-8)/12)/(4/(-6)) prime?
True
Is 855/(-95)*(-779014)/18 composite?
False
Suppose -138389 = -l - 3*n + 323421, 0 = -31*l - n + 14315834. Is l a prime number?
True
Let f = 406 - 394. Let j(m) = 4*m**3 - 5*m**2 - 20*m - 31. Is j(f) composite?
True
Suppose -15*v + 25 = -10*v. Suppose 4*x + 0*t + t - 987 = 0, 5*x - 1215 = -v*t. Let q = x + -93. Is q a composite number?
True
Suppose 2*t - 263539 = -3*t - 3*w, 2*t + 3*w = 105412. Is t prime?
True
Let v(g) = g**3 - 5*g**2 + 9*g - 7. Let k be v(3). Is (-27075)/(-54)*k + 10/45 prime?
False
Suppose 16*y + 3*y - 49*y = -2310. Let d be -4*(141/2 + -1). Let k = y - d. Is k a prime number?
False
Let f(k) = 11057*k**2 + 45*k + 7. Is f(-9) a composite number?
True
Let r(o) = 8*o**3 - 24*o**2 - 10*o + 21. Is r(23) a composite number?
False
Let b(i) = -2282*i**3 + 2*i**2 + 2*i + 1. Let h be b(-1). Is (-1)/1 - (3 + 0 - h) prime?
False
Let z(c) = -342314*c + 201. Is z(-2) composite?
False
Suppose 6*t = 2 - 8. Is -2 + (-2)/t + 797 a prime number?
True
Let k(q) = q**3 + 3*q**2 - q + 17. Let a be k(0). Let y = 7 - a. Let t(p) = p**2 + 5*p + 12. Is t(y) composite?
True
Suppose 0 = 4*t - 2*i - 34, 5*t - 2*i - 23 = 19. Let m be (-2)/4 + 0 + 73900/t. Suppose -3*r - 3691 = -2*w, 5*w - 10*w = 2*r - m. Is w composite?
False
Let a(d) = 404*d + 3. Let c be a(1). Let q be ((-4)/(-14) - 0) + (-1518)/21. Let i = q + c. Is i a prime number?
False
Suppose -4*u = -4*j - 16, 4*u - 14 = 11*j - 9*j. Is 54*602/147 - j/(-7) a composite number?
True
Let b = -11 - -15. Suppose b*x + 11 = -5. Is ((-98100)/33)/x - (-4)/(-22) composite?
False
Is (-194)/(-485)*(-151610)/(-4) a composite number?
False
Suppose 1084*z - 1077*z - 6705419 = 0. Is z prime?
True
Let o be 1 + (0/(-5))/(1 + -3). Let q(r) = 6*r**2 + 18*r - 3. Let l(d) = d**2 - d + 1. Let k(j) = o*q(j) + 2*l(j). Is k(-5) composite?
True
Let t(u) = 15109*u + 903. Is t(2) composite?
False
Let c = 1746 - 3045. Suppose -2*h + 4126 = 182. Let p = c + h. Is p a prime number?
True
Let w(t) = 296*t**2 + 11*t - 6. Let m(l) = -2*l + 1. Let d(i) = 6*m(i) + w(i). Let j = -5 - -3. Is d(j) a composite number?
True
Let i = -265476 - -454303. Is i a composite number?
False
Suppose 112*j + 35*j - 1685355 = 0. Is j a prime number?
False
Let r = -17 + 19. Suppose 6*m + 12 = r*m. Is 1157/4 + m + 55/20 a prime number?
False
Let k(p) = -16*p**2 + p - 74. Let q be k(22). Is q/(-4) - (-7 - -7) a composite number?
False
Let y be 4/10 - (-41714272)/95. Is (-2)/(-17) + (y/102 - 8) a composite number?
False
Suppose 6*y + 15617 = 66257. Suppose 0 = -9*c + y - 682. Let g = -161 + c. Is g prime?
True
Let j be 8 + -1 + (-3 - 0). Suppose -3923 - 3009 = -j*k. Suppose k = 3*d - 484. Is d composite?
False
Suppose 18*k + 53685 = -11331. Let p = k + 5555. Is p a composite number?
True
Let q(o) = o**2 + 13*o + 9. Let p be q(-11). Let r be 1 - 6/3 - p. Let y = 27 + r. Is y prime?
False
Suppose y - 146652 = -40409. Is y a composite number?
False
Let t be 2*(-20)/(-30)*3/2. Suppose t*r = -2*w - 2*r + 22, 32 = 3*w + 5*r. Suppose v = w*v - 20136. Is v a composite number?
True
Let v be (-3082)/8 - (-34)/136. Is 110/v + 2571/7 a composite number?
False
Let s(r) = 3*r**3 - 46*r**2 - r + 20. Let d be s(16). Suppose 0 = 5*q - c - d, 2*q - c = 164 + 43. Is q a composite number?
False
Is 3*(-9)/3 - -1 - -2265 a composite number?
True
Suppose -6*g - 4*g = 50. Let w be (-42)/(-5) - (-2)/g. Suppose w*j + 6*j = 4102. Is j composite?
False
Let a be 4/18 + -524*4/36. Let v = a + 62. Suppose 2*k = -4*s + 3962 + 864, 0 = k + v*s - 2415. Is k prime?
True
Let q(z) = -z**2 + 22*z - 36. Let n be q(20). Is n/2 + 1677 + 4 + 4 prime?
False
Let a(f) = 666*f**2 - 152*f - 2108. Is a(-15) composite?
True
Let d be (-43)/301 + (-1 - (-9225)/(-7)). Let x = d + 2756. Is x prime?
False
Let p = -7 - -12. Let r(b) = -3*b**3 + b**2 + 7*b + 2. Let u(w) = 7*w**3 - 3*w**2 - 14*w - 4. Let x(v) = -5*r(v) - 2*u(v). Is x(p) a prime number?
True
Let k be -3 + 6 - (1*8 + -1). Let x be 8/(-20) + (-16)/10 - k. Suppose 144 = 4*a - 2*y, 2*a - x*y + 3*y - 64 = 0. Is a a prime number?
False
Let u(b) = b - 1. Let n(x) be the second derivative of -3*x**4/2 + 13*x**3/6 - 9*x**2 - 10*x. Let s(p) = -n(p) + u(p). Is s(7) composite?
True
Let v(a) = 254*a + 8419. Is v(80) a composite number?
True
Let m(l) = 9*l**2 + 26*l + 66. Let f be m(-36). Suppose 45838 - f = 4*s. Is s prime?
True
Let n(d) = 2*d**3 - 31*d**2 - 30*d - 71. Let a be n(33). Is a/14 + 2/7 a composite number?
False
Let w = 227 - 202. Suppose w*c - 24*c - 91 = 0. Is c a prime number?
False
Let v = 24 + -28. Let h be (1536/30)/(v/5 + 1). Let k = 1655 - h. Is k a composite number?
False
Suppose -47*k + 27*k + 40 = 0. Suppose w + k*w = -4*y + 9020, 0 = -3*w - 12. Is y a composite number?
True
Suppose 2*v = -4*j + 6, -8 - 4 = -4*j - 4*v. Let c be (-304)/24*3*(-76)/4. Suppose f + f - c = j. Is f prime?
False
Let d(f) = 7*f**2 + 9*f. Let x be d(-2). Is 2/(6/84570*x) composite?
False
Let p(l) = 224*l**3 + 6*l**2 - 7*l - 1. Is p(4) a composite number?
True
Suppose -6986 = -50*m + 48*m. Suppose 0 = -4*f + m + 14507. Suppose -5*k = 5*b - f, -3645 = -4*k + b + 4*b. Is k a composite number?
True
Let s(k) = k**3 + 4*k**2 + 16*k + 40. Let q be s(-8). Is (-53)/((-2056)/q + -6) prime?
False
Suppose 29*p - 59751 = 26*p. Suppose -p = -28*n - 289. Is n a composite number?
False
Let i = 41080 - 22159. Suppose 7*o = 46417 + i. Suppose 5*w - 6*n = -2*n + 11673, n + o = 4*w. Is w composite?
False
Suppose 0 = -9*y + 73 - 10. Suppose -46 = 5*k - 4*s, -5*k - y*s = -2*s + 10. Is 789/2 + -1 + (-9)/k a composite number?
True
Let h be (30/18)/((-4)/(-12)). Suppose -4*u = 3*b - 2*u - 19, -h*u = -25. Suppose 211 = b*p - 2*p. Is p prime?
True
Suppose 8*i - 228 = -4*i. Suppose i*b = 16*b + 16671. Is b a composite number?
False
Let a(k) = 61063*k**2 - 117*k + 551. Is a(5) a composite number?
True
Suppose 0 = 3*d + 4*d - 12782. Let m = d - -417. Is m composite?
False
Let z = 2788 - -18564. Let f = z - 12591. Is f a c